ided by 5.
2
Calculate the remainder when 722 is divided by 121.
117
What is the remainder when 88 is divided by 6?
4
What is the remainder when 1186 is divided by 29?
26
Calculate the remainder when 15 is divided by 8.
7
What is the remainder when 58 is divided by 8?
2
What is the remainder when 429 is divided by 87?
81
Calculate the remainder when 506 is divided by 90.
56
Calculate the remainder when 810 is divided by 28.
26
What is the remainder when 1394 is divided by 35?
29
What is the remainder when 1223 is divided by 102?
101
Calculate the remainder when 1025 is divided by 179.
130
Calculate the remainder when 1434 is divided by 40.
34
Calculate the remainder when 139 is divided by 57.
25
Calculate the remainder when 17261 is divided by 21.
20
What is the remainder when 200 is divided by 95?
10
Calculate the remainder when 834 is divided by 38.
36
What is the remainder when 206 is divided by 45?
26
What is the remainder when 335 is divided by 15?
5
Calculate the remainder when 268 is divided by 94.
80
What is the remainder when 94 is divided by 10?
4
What is the remainder when 249 is divided by 18?
15
Calculate the remainder when 102 is divided by 11.
3
Calculate the remainder when 1101 is divided by 46.
43
Calculate the remainder when 21 is divided by 2.
1
What is the remainder when 702 is divided by 231?
9
Calculate the remainder when 144 is divided by 26.
14
Calculate the remainder when 2097 is divided by 209.
7
Calculate the remainder when 27399 is divided by 53.
51
Calculate the remainder when 154 is divided by 12.
10
What is the remainder when 345 is divided by 91?
72
Calculate the remainder when 585 is divided by 98.
95
Calculate the remainder when 5289 is divided by 147.
144
Calculate the remainder when 3343 is divided by 43.
32
What is the remainder when 1024 is divided by 114?
112
Calculate the remainder when 36 is divided by 3.
0
What is the remainder when 402 is divided by 35?
17
Calculate the remainder when 401 is divided by 41.
32
Calculate the remainder when 219 is divided by 10.
9
What is the remainder when 163 is divided by 15?
13
What is the remainder when 114 is divided by 29?
27
What is the remainder when 468 is divided by 69?
54
Calculate the remainder when 701 is divided by 141.
137
What is the remainder when 624 is divided by 49?
36
Calculate the remainder when 22537 is divided by 7.
4
Calculate the remainder when 1518 is divided by 8.
6
What is the remainder when 1234 is divided by 9?
1
What is the remainder when 4238 is divided by 53?
51
What is the remainder when 22 is divided by 13?
9
What is the remainder when 19302 is divided by 97?
96
What is the remainder when 118 is divided by 12?
10
Calculate the remainder when 267 is divided by 73.
48
Calculate the remainder when 178 is divided by 45.
43
What is the remainder when 1865 is divided by 48?
41
Calculate the remainder when 149 is divided by 127.
22
Calculate the remainder when 735 is divided by 92.
91
What is the remainder when 419 is divided by 202?
15
Calculate the remainder when 1554 is divided by 26.
20
What is the remainder when 7894 is divided by 11?
7
Calculate the remainder when 136 is divided by 60.
16
What is the remainder when 25663 is divided by 8?
7
Calculate the remainder when 9188 is divided by 10.
8
Calculate the remainder when 561 is divided by 65.
41
What is the remainder when 134 is divided by 75?
59
What is the remainder when 418 is divided by 42?
40
What is the remainder when 209 is divided by 187?
22
Calculate the remainder when 237 is divided by 96.
45
Calculate the remainder when 8333 is divided by 18.
17
Calculate the remainder when 35476 is divided by 18.
16
Calculate the remainder when 104 is divided by 5.
4
Calculate the remainder when 3325 is divided by 664.
5
What is the remainder when 1961 is divided by 282?
269
What is the remainder when 143 is divided by 18?
17
What is the remainder when 1571 is divided by 12?
11
Calculate the remainder when 4115 is divided by 58.
55
What is the remainder when 101 is divided by 35?
31
What is the remainder when 91 is divided by 33?
25
What is the remainder when 442 is divided by 18?
10
Calculate the remainder when 290 is divided by 146.
144
Calculate the remainder when 228 is divided by 127.
101
What is the remainder when 246 is divided by 10?
6
What is the remainder when 403 is divided by 206?
197
What is the remainder when 45 is divided by 10?
5
What is the remainder when 29 is divided by 19?
10
What is the remainder when 338 is divided by 10?
8
What is the remainder when 233 is divided by 65?
38
What is the remainder when 1011 is divided by 92?
91
What is the remainder when 599 is divided by 12?
11
Calculate the remainder when 65 is divided by 14.
9
Calculate the remainder when 442 is divided by 37.
35
What is the remainder when 25 is divided by 9?
7
What is the remainder when 2643 is divided by 30?
3
Calculate the remainder when 264 is divided by 48.
24
What is the remainder when 931 is divided by 14?
7
Calculate the remainder when 604 is divided by 8.
4
What is the remainder when 1727 is divided by 11?
0
Calculate the remainder when 7854 is divided by 9.
6
What is the remainder when 80 is divided by 23?
11
What is the remainder when 800 is divided by 35?
30
Calculate the remainder when 2240 is divided by 281.
273
What is the remainder when 1099 is divided by 50?
49
Calculate the remainder when 2097 is divided by 21.
18
Calculate the remainder when 935 is divided by 69.
38
Calculate the remainder when 793 is divided by 262.
7
Calculate the remainder when 15127 is divided by 31.
30
Calculate the remainder when 212 is divided by 57.
41
What is the remainder when 493 is divided by 88?
53
Calculate the remainder when 175 is divided by 59.
57
What is the remainder when 12634 is divided by 95?
94
Calculate the remainder when 771 is divided by 384.
3
What is the remainder when 226 is divided by 60?
46
Calculate the remainder when 284 is divided by 19.
18
What is the remainder when 8605 is divided by 57?
55
What is the remainder when 129 is divided by 38?
15
What is the remainder when 497 is divided by 46?
37
What is the remainder when 1307 is divided by 69?
65
What is the remainder when 791 is divided by 12?
11
What is the remainder when 1433 is divided by 176?
25
What is the remainder when 1601 is divided by 394?
25
Calculate the remainder when 405 is divided by 17.
14
What is the remainder when 2583 is divided by 34?
33
What is the remainder when 745 is divided by 41?
7
What is the remainder when 115 is divided by 70?
45
Calculate the remainder when 1435 is divided by 348.
43
Calculate the remainder when 368 is divided by 17.
11
What is the remainder when 725 is divided by 49?
39
What is the remainder when 186 is divided by 9?
6
Calculate the remainder when 94 is divided by 32.
30
What is the remainder when 226 is divided by 112?
2
What is the remainder when 1256 is divided by 446?
364
What is the remainder when 2549 is divided by 847?
8
What is the remainder when 305 is divided by 105?
95
What is the remainder when 33 is divided by 7?
5
What is the remainder when 404 is divided by 67?
2
Calculate the remainder when 1078 is divided by 376.
326
What is the remainder when 406 is divided by 68?
66
Calculate the remainder when 22 is divided by 17.
5
What is the remainder when 22 is divided by 18?
4
What is the remainder when 40 is divided by 37?
3
Calculate the remainder when 608 is divided by 30.
8
What is the remainder when 265 is divided by 30?
25
What is the remainder when 50 is divided by 45?
5
Calculate the remainder when 944 is divided by 13.
8
Calculate the remainder when 1195 is divided by 171.
169
Calculate the remainder when 261 is divided by 203.
58
What is the remainder when 2181 is divided by 24?
21
Calculate the remainder when 2054 is divided by 187.
184
What is the remainder when 178 is divided by 60?
58
Calculate the remainder when 31 is divided by 24.
7
What is the remainder when 261 is divided by 101?
59
What is the remainder when 295 is divided by 57?
10
Calculate the remainder when 204 is divided by 5.
4
What is the remainder when 65 is divided by 6?
5
Calculate the remainder when 32 is divided by 25.
7
What is the remainder when 748 is divided by 235?
43
What is the rema